e (-1 - 851)/4*(-1)/(-3). Let i = r + 95. What is the remainder when i is divided by 5?
4
Let s = -18 + 37. Let u = s - 16. Suppose u*f - 9 = 0, -225 = 4*q - 7*q - 3*f. What is the remainder when q is divided by 15?
12
Suppose 0 = -t + l + 110, 5*t - l - 623 + 61 = 0. Calculate the remainder when 785 is divided by t.
107
Let q = 73 - -50. Calculate the remainder when q is divided by (-13)/(78/(-24)) - -29.
24
Suppose -31*w = -34*w + 981. Calculate the remainder when w is divided by 110.
107
Let m(x) = -x**2 + 2*x + 12. Suppose n = -3*p, 5*p + 0*n - 3*n = 0. Let j(z) = -z + 11. Calculate the remainder when j(p) is divided by m(-2).
3
Let o(w) = w + 21. Let d(f) = f**3 - 4*f**2 - f - 62. Let r(k) = k**2. Let m(n) = -d(n) - 2*r(n). Calculate the remainder when m(0) is divided by o(0).
20
Calculate the remainder when 147090/210 + 6/(-14) is divided by 13.
11
Let b(o) = -3*o**3 + 86*o**2 - 57*o + 34. What is the remainder when ((-14)/(-4))/((-2)/(-4)) is divided by b(28)?
1
Let b(t) = t**3 + 8*t**2 - 8*t + 9. Let l be b(-9). Suppose o - 26 + 8 = l. Calculate the remainder when o is divided by ((-60)/(-9))/1 + 2/6.
4
Suppose -3*w = 2*u - 24, -5*u + 40 = 5*w - 9*u. Calculate the remainder when 55 is divided by w.
7
Suppose 5*d - 1165 = -3*m, 2*d - 452 = 2*m - 6*m. What is the remainder when d is divided by 30?
26
Let r(w) = -3*w - 1. Let o be r(-1). Suppose -17 + 67 = 4*u + o*j, 3*u - 31 = 5*j. What is the remainder when 59 is divided by u?
11
Let l(f) = -f**3 + 24*f**2 + 30*f - 82. What is the remainder when 54 is divided by l(25)?
11
Suppose 4*w - 225 = 271. What is the remainder when w is divided by (63/(-18) - -2)/((-3)/50)?
24
Suppose -3*v + 6*v - 63 = -3*m, -4*v + 3*m + 112 = 0. What is the remainder when (-682)/(-14)*1 - 2/(-7) is divided by v?
24
Let l = 10 - 9. Suppose 5*v - 18 = -4*y, -v - l + 7 = 2*y. What is the remainder when y*2*(-140)/(-16) is divided by 9?
8
Let g be 13/39 - (-290)/3. Let n = g + -157. Calculate the remainder when n/(-2) + -1 + 1 is divided by 11.
8
Let s(t) = t**3 - 5*t**2 + 2*t - 6. Let w = -95 + 43. Let k = -37 - w. Calculate the remainder when s(6) is divided by k.
12
Suppose 508*g - 501*g - 91 = 0. What is the remainder when (2/1)/2 + 35 is divided by g?
10
Let n be (8/5)/(4/(-260)). Let m = 141 + n. Calculate the remainder when m is divided by 3.
1
Suppose 0 = 5*d + 5, 94*f + 52 = 96*f + 2*d. Calculate the remainder when 30 is divided by f.
3
Suppose -16 = 4*m, -2*g - 3*m - m = -114. Let j = g + -58. Let p = -23 + 42. Calculate the remainder when p is divided by j.
5
Let i(m) = 14*m - 1. Let x(n) = -23*n + 274. What is the remainder when x(10) is divided by i(1)?
5
Let u be (-69)/2*44/33. Let x = u - -116. Calculate the remainder when x is divided by 18.
16
Suppose -145 = -26*y + 23*y - 4*m, 5*m = -4*y + 192. What is the remainder when 299 is divided by y?
41
Suppose -8*n + 4082 - 2530 = 0. Calculate the remainder when n is divided by 18.
14
Suppose 13*r = 15*r + 148. Let d = r + 147. What is the remainder when d is divided by 15?
13
Suppose -25 = -11*b + 6*b. Suppose 0 = 4*y - b*y - 12. What is the remainder when -3*4/y*9 is divided by 4?
1
Let v = -192 - -181. Let o(n) = -n**3 + 2*n**2 + 4*n - 4. Let q be o(3). Let s = q - v. Calculate the remainder when 39 is divided by s.
9
Suppose -179 - 51 = -42*v + 568. Let l = 68 - -120. Calculate the remainder when l is divided by v.
17
Let q be 3 - (3/(-3) + 3) - -3. Suppose -q*g + 644 = -0*g + 5*r, 0 = r. What is the remainder when g is divided by 41?
38
Suppose -3*p + 5*f = -47, 5*p - p + 2*f - 54 = 0. Suppose 13*u = 15*u - p. Calculate the remainder when 19 is divided by u.
5
Let c = 139 - 116. What is the remainder when 90 is divided by c?
21
Suppose -80 = -4*q - 0*q. What is the remainder when 20432/272 - (-6)/(-51) is divided by q?
15
What is the remainder when (-6)/(((-60)/(-16))/(-5)) is divided by ((-10)/4)/(6/(-12))?
3
Let z = -20 - -32. Suppose -5*g + 3 = -2. Suppose -r - g = -35. What is the remainder when r is divided by z?
10
Suppose 2*q - 4*q = -298. Suppose -f = -a + q, 3*f + 4*a + 427 = 3*a. Let y = 203 + f. Calculate the remainder when y is divided by 15.
14
Let d = 30 + -12. Let v(j) = j**3 + j**2 + 5. Suppose 2*y - y = 0. Calculate the remainder when d is divided by v(y).
3
Let k = 809 - 776. Calculate the remainder when 92 is divided by k.
26
What is the remainder when 7 - (-13)/((-39)/(-153)) is divided by 16?
10
Let w(s) be the second derivative of s**4/12 + 19*s**3/6 + 21*s**2 + 26*s. Calculate the remainder when 19 is divided by w(-17).
3
Let g(n) = n + 2. Let r be (-9)/(-5) + 7/35. Suppose -o - 1 = -r*p, 3*o + 5*p = 2*p + 15. What is the remainder when g(4) is divided by o?
0
Let p(h) = h**3 + 3*h - 3. Let c(w) = w**2 + 3*w + 2. Let q be c(-3). Let b = -37 + 80. Calculate the remainder when b is divided by p(q).
10
Calculate the remainder when (-486)/(-4)*30/9 is divided by 135.
0
Let w(j) = j**3 + 10*j**2 + 8*j + 4. Suppose -7 = l + 2. Calculate the remainder when 37 is divided by w(l).
11
Suppose r + 3 = u - 202, 4*u - 2*r = 824. What is the remainder when u is divided by 21?
18
What is the remainder when (-255)/51 - (1 + -65) is divided by 23?
13
Suppose -4*m - 80 = -6*m. Let o be (-4)/(-8)*m/2. Suppose 7*g - o*g + 51 = 0. What is the remainder when 67 is divided by g?
16
Let s(l) = 24*l**2 - 18*l + 9. What is the remainder when s(-5) is divided by 9?
6
Suppose 2*s - 552 = -s. Suppose 4*t - d = 2*d + s, -2*t - 4*d + 92 = 0. What is the remainder when (t + 1)*(4 + -3) is divided by 25?
22
Let d(v) = 15*v**2 + 23*v - 47. Calculate the remainder when -3 + (-708 - 0)/(-3) is divided by d(2).
56
Let y(p) = p**2 + p - 22. What is the remainder when -6 + 522/14 - 4/14 is divided by y(-6)?
7
Suppose -362 = 8*v - 978. What is the remainder when v is divided by 75?
2
Suppose -4*p - 2*r - r = -188, -3*r - 262 = -5*p. What is the remainder when 145 is divided by p?
45
Let p(t) = t**3 + 26*t**2 + 15*t - 27. Calculate the remainder when p(-25) is divided by 15.
13
Let h be 2/5 + (-69)/(-15). Suppose h*j = -0*j + 65. Let k(u) = 8*u. What is the remainder when j is divided by k(1)?
5
What is the remainder when 229 is divided by (-148 - -152)*(2 + -2 - -2)?
5
Let b(z) = z**3 + 8*z**2 - 8*z + 9. Let y be b(-9). Suppose y = 2*n - 12 - 128. What is the remainder when n is divided by 24?
22
What is the remainder when 322 is divided by (15 - -1) + 4 + -12 + 17?
22
Suppose 4*t + 2*b + 0*b = 74, -5*t + 4*b = -125. Suppose 3*r + t = -i + 3*i, 5*i = 3*r + 12. What is the remainder when 61 is divided by ((-3)/r)/(2/96)?
13
Calculate the remainder when -6 - (590/(-2) + (-20)/4) is divided by 158.
136
Suppose 11*t - 2568 = -13*t. Calculate the remainder when 416 is divided by t.
95
Let m = 80 + -45. Calculate the remainder when m is divided by 0 + -2 - (9 + -31).
15
What is the remainder when 4*1/8*34 is divided by (-3 - (-36)/10)*(-2 + 17)?
8
Suppose -111*w + 100*w = -2783. Calculate the remainder when w is divided by 80.
13
Let u(q) = -q - 1. Let t = -11 + 7. Let z be u(t). Suppose 3*j - 3*a - 129 = 0, j + 2*j + z*a - 117 = 0. Calculate the remainder when j is divided by 14.
13
Let x(z) = 5 - 15 - 10*z - 4 + 8*z. Calculate the remainder when x(-10) is divided by 4.
2
Suppose -3*g + 396 = 4*r, 2*r + 3*r = -2*g + 488. Suppose -5*z = b - 5*b + 137, r = 3*b + 3*z. Calculate the remainder when b is divided by 10.
3
Suppose w - 11 = -c, -2*c - 9 = -4*w - 43. Let g(m) = m**2 + 44*m + 183. Calculate the remainder when g(-40) is divided by c.
10
Let s(n) = 2*n**2 + 2*n + 24. What is the remainder when s(9) is divided by 26?
22
Let x(s) = 10*s - 124. Suppose 0*f + 4*f = 60. What is the remainder when x(18) is divided by f?
11
Calculate the remainder when 106 is divided by -5 + (-45)/(-5) - (-31 - 3).
30
Calculate the remainder when (-5 + -3 + 8)/2 - -44 is divided by 17.
10
Calculate the remainder when 772 is divided by (1 + (-12)/9)*-129.
41
Suppose 35*l - 34*l + 3*x - 24 = 0, 5*l - 68 = -2*x. What is the remainder when 214 is divided by l?
10
What is the remainder when 48 is divided by 1/(3/18)*(-95)/(-15)?
10
Suppose 3*g = 4*w - 39, g = -w - g + 7. Let f = w - 6. Suppose -19 = -a + 4*z, -f*z - z = -3*a + 41. Calculate the remainder when 42 is divided by a.
9
Let k = 43